d x?
16
Let d(r) = 24*r**2 - 110*r - 2. Let f be d(5). Calculate the greatest common divisor of f and 84.
12
Let l = -2832 + 2864. Let d be (5 - -27)*(-8)/(-1). What is the greatest common divisor of l and d?
32
Suppose -6 = -5*o - 1. Suppose -3 = -2*x + o. Let n(k) = 797*k + 27929. Let g be n(-35). Calculate the greatest common divisor of x and g.
2
Suppose -7 + 43 = 12*a. Let d be (-7)/((-20)/(-520)*(-2)/a). Calculate the highest common divisor of d and 39.
39
Let r be 6/3*(0 - (-9)/2). Let z be ((27/(-6))/r)/(3/(-72)). Calculate the highest common divisor of 42 and z.
6
Suppose 0 = 29*r - 33*r + 988. Suppose 3*b + 24*b - 351 = 0. What is the greatest common divisor of b and r?
13
Let i be 2 + 1/3*(-19 + 25). Suppose 3*t = 0, -i*t + t = 5*c - 385. What is the greatest common divisor of c and 143?
11
Suppose -21*m = -23*m - 8, 4*w - 3*m = 1500. Calculate the greatest common divisor of w and 324.
12
Suppose 0 = -138*u + 74*u + 53248. Calculate the greatest common divisor of u and 572.
52
Let t be (2 - 145/10)/(34/(-4012)). What is the greatest common divisor of t and 3835?
295
Let a = 13 + 196. Let k = a + -179. What is the greatest common factor of 12 and k?
6
Suppose -v - v = -112. Let k = -220401 - -220441. Calculate the greatest common divisor of k and v.
8
Suppose 3*c = -2*z + 3, 0 = c + 3*c - 3*z - 21. Suppose 0 = -y - c*y + 60. Let h = 9 + y. What is the greatest common factor of 6 and h?
6
Let c(z) = -z**2 + 26*z - 101. Let p be c(17). Let w be 3 - (-2140)/p - (-2)/(-13). What is the greatest common factor of w and 352?
44
Suppose -31 = -11*s - 31. Suppose s = 17*h - 103 - 713. Calculate the highest common divisor of h and 6.
6
Suppose 39 = -9*v + 111. What is the highest common factor of v and 292?
4
Suppose -20*k = 11200 - 76665 + 9305. Calculate the greatest common divisor of k and 117.
117
Suppose 5*h = -3*v + 80463, 0 = 83*v - 85*v - 8. What is the highest common factor of 74 and h?
37
Suppose 3905 = 4*p - 5*o, 395*o = 393*o + 6. What is the highest common factor of 1540 and p?
140
Let i(j) = -j - 1. Let m(q) = -21*q. Let r(k) = 4*i(k) + m(k). Let n be r(1). Let o = n + 39. What is the highest common divisor of o and 5?
5
Suppose -4*m - 4*s = -16, 2*m + 30*s - 8 = 31*s. Let l be (-2030)/(-42) + m/6. What is the greatest common factor of 49 and l?
49
Let p(x) = 49*x**2 + x + 26. Let a be p(0). Calculate the highest common factor of a and 8489.
13
Let n(l) = -51*l**2 - 11*l - 13. Let g be n(-2). Let c be (13/(g/(-50)))/(2/180). Calculate the highest common divisor of 48 and c.
12
Let r = -29 - -29. Suppose -5*t - 16 - 34 = r. Let n be t/40 + (-261)/(-4). What is the greatest common factor of 13 and n?
13
Suppose -84 + 4 = -4*z. Suppose -2*m + 3*m = -a + 3, -5*m + 17 = 4*a. Let c(k) = -6*k**3 - k. Let f be c(a). What is the greatest common divisor of f and z?
10
Suppose 17*q = 449 - 296. Let z = -9 + 27. What is the greatest common divisor of q and z?
9
Let j be (1 - 3)/1*-2 - 1. Let b be (j - 2) + (0 - 2) + 15. Suppose 0 = 16*x - b*x - 232. Calculate the greatest common divisor of x and 29.
29
Suppose 3*v + 5 = 11. Suppose 4*k = -2*a + 253 - 13, 54 = k + v*a. Calculate the highest common factor of 124 and k.
62
Suppose 13614 - 56538 = -219*r. What is the highest common divisor of 16562 and r?
98
Let j = -175 - -181. Let u be (j + -3)*42/9. Calculate the highest common divisor of u and 238.
14
Let b = 27 - 18. Let s(c) = -c**3 + 10*c**2 - 8*c - 31. Let w be s(b). Let x = w + 56. Calculate the greatest common factor of x and 238.
34
Let k(b) = b**2 + 9*b + 27. Suppose 22 = -8*u - 18. Let s be k(u). Calculate the highest common factor of 4 and s.
1
Suppose -4*o + 140 = -4*y, -2*y = -2*o + y + 73. Let k = 16 + o. Calculate the greatest common factor of 432 and k.
48
Suppose 3*f + 8098 = 72*f - 41927. What is the highest common divisor of 475 and f?
25
Let a be 4/40 - (-1386)/140. Suppose -5*w - 522 = -q, 0*q - 4*q = 5*w - 2163. Suppose -3*b = 117 - q. Calculate the greatest common factor of b and a.
10
Suppose 702*g + 5*k - 130 = 698*g, 0 = k + 6. Calculate the highest common factor of 11392 and g.
8
Let p(m) = -m - 11. Let k be p(-14). Suppose 4*x - 41 = -l, 2 = -l + k*l. Calculate the greatest common factor of x and 190.
10
Let h be ((-30)/(720/(-138)))/(1/212). What is the highest common divisor of h and 106?
53
Let d(l) = 2*l - 3. Let r(h) = 19*h + 285. Let b(s) = -6*d(s) + r(s). Let j be b(-37). Calculate the greatest common factor of j and 16.
4
Let c = -607 + 609. Let s(q) = q**3 + 5*q**2 - q + 1. Let x be s(-5). Suppose x = 2*a, -c*u - 5*a = 2*u - 175. What is the highest common divisor of u and 5?
5
Suppose -2*z + 1 + 3 = -4*j, -4*z + 5*j - 1 = 0. Let l be z/(-2) - 4/4. Let u = 120 + -119. What is the greatest common factor of u and l?
1
Let b be ((-735)/(-70))/(15/20). Calculate the highest common divisor of b and 992.
2
Let s(z) be the second derivative of -z**5/20 - z**4/4 + 4*z**3/3 + 23*z**2/2 + 13*z + 1. Let q be s(-4). Calculate the highest common factor of 182 and q.
7
Let z be (((-195)/12)/(-13))/(1/4). Suppose 0 = 4*k - 8, z*k + 0*k + 131 = 3*w. Suppose 31 = 3*r - w. What is the greatest common factor of 91 and r?
13
Let m = 69 + -42. Suppose 44*a = 46*a - 6. Calculate the highest common divisor of m and a.
3
Let k be 10*(5 - 124/12)*36/(-40). What is the highest common factor of 24144 and k?
48
Let q(b) = 35*b + 2001. Let u be q(-55). Calculate the highest common factor of u and 31844.
76
Let w = 12270 + -10912. What is the greatest common divisor of w and 98?
14
Let k(m) = m**3 - 25*m**2 + 115*m + 269. Let f be k(18). Calculate the highest common factor of f and 40967.
71
Let u = -24153 + 24172. Let q(a) = 13*a - 1. Let y be q(3). Suppose 0 = 4*r - 2*r - y. Calculate the highest common divisor of r and u.
19
Suppose 55*j + 137 = 962. Let r be (20/(-4))/(-3*j/306). Let i be 10/(36/17 + -2). Calculate the highest common divisor of i and r.
17
Suppose -103 - 612 = 13*o. Let h be (o - -53)*19/(-2). What is the highest common factor of h and 171?
19
Let s(h) = -h**3 - 14*h**2 - 16*h - 31. Let r be s(-13). Suppose 0 = 2*z - r, -12*z + 13*z = 3*g - 1535. What is the highest common factor of g and 19?
19
Suppose 0 = 2*d + 2*z - 4, d = -z - z. Suppose 2*r = 10, -2*v = d*r - r - 147. What is the highest common factor of 12 and v?
6
Let c = 3236 + -1861. What is the greatest common divisor of c and 375?
125
Suppose -267*h - 230*h = -519*h + 352. What is the highest common divisor of 4 and h?
4
Let f(d) = 2*d**3 + 2*d + 16. Let q be f(0). Suppose -25*i + q*i = -54. Calculate the greatest common divisor of 18 and i.
6
Let d be 0 + 1/4 - 1161/36. Let r = d + 32. Let t(b) = -b**2 + 2*b + 22. Let l be t(r). What is the highest common divisor of l and 11?
11
Let m = -34 - 22. Let o = m - -77. Calculate the highest common factor of o and 21.
21
Let c be 59 - (-9 + 13) - (-1 + 0). Suppose -202*z + 194*z + c = 0. Suppose -s = 3*s - 56. Calculate the greatest common divisor of z and s.
7
Suppose 4*c + 1112 - 32 = 0. Let a = c + 324. What is the greatest common factor of a and 6?
6
Let v be (32/6)/((-2)/(-6)). Suppose -69*l = 4*x - 64*l - 473, 5*l - 585 = -5*x. Calculate the highest common factor of x and v.
16
Let q(y) = -y**3 + 21*y**2 + 12*y - 109. Let c be q(20). Calculate the greatest common factor of c and 81.
9
Let l = 0 + 15. Let d = 105 - l. Suppose -37*v + 294 = -261. What is the highest common divisor of v and d?
15
Let h be 8201/118 + 33/6. What is the highest common divisor of h and 1545?
15
Let j = -4313 - -4407. What is the greatest common factor of j and 141?
47
Let q(y) = y - 3. Let r be q(9). Suppose -33*d + 48 = -21*d. Calculate the highest common divisor of r and d.
2
Let n(x) = 3*x**3 - x**2 + 3*x - 3. Let v be n(2). Let l be 182/56 - 4 - (-774)/8. Let z = l + v. What is the greatest common divisor of z and 17?
17
Let h be (-3724)/(-98) + (1 - (-2 - -5)). What is the greatest common divisor of 2868 and h?
12
Let p(c) = c**3 + 5*c**2 - 5. Let d be p(-4). Let t = -323 + 318. Let v be (((-4620)/(-75))/14)/((-2)/t). What is the greatest common divisor of d and v?
11
Let k = 29427 + -29414. Calculate the greatest common divisor of 9087 and k.
13
Let i be 1/(-8)*-8 - -7. Suppose 2*x = i*x - 60. What is the highest com